of 748 and 90134?
374
What is the greatest common divisor of 26123 and 173?
173
Calculate the greatest common factor of 26375 and 125.
125
Calculate the greatest common factor of 235 and 30975.
5
Calculate the greatest common divisor of 140 and 325.
5
What is the greatest common factor of 103815 and 1755?
135
Calculate the greatest common factor of 5546 and 71626.
118
What is the greatest common factor of 104 and 91?
13
What is the greatest common factor of 270 and 191376?
54
What is the greatest common divisor of 18145 and 10?
5
Calculate the highest common factor of 342 and 282.
6
What is the greatest common divisor of 14 and 545678?
14
Calculate the greatest common factor of 12299 and 32389.
49
Calculate the highest common divisor of 276102 and 540.
54
What is the highest common factor of 253635 and 222?
111
What is the greatest common factor of 6413 and 781?
11
Calculate the greatest common divisor of 220 and 42988.
44
What is the greatest common factor of 468 and 97344?
468
What is the highest common factor of 137 and 22649662?
137
Calculate the greatest common factor of 624 and 2380976.
208
What is the greatest common factor of 84 and 180288?
12
What is the highest common divisor of 156 and 79456?
52
What is the highest common factor of 18202 and 190?
38
What is the highest common factor of 23520 and 114720?
480
What is the greatest common factor of 541960 and 680?
680
What is the greatest common factor of 190 and 1853450?
190
Calculate the greatest common factor of 400 and 919175.
25
What is the greatest common divisor of 3675 and 784?
49
Calculate the highest common divisor of 2548 and 7252.
196
What is the highest common divisor of 75 and 4005?
15
Calculate the greatest common factor of 27297 and 36.
9
What is the greatest common factor of 44672 and 8027?
349
What is the greatest common factor of 4257 and 3225?
129
What is the highest common divisor of 88 and 105776?
88
What is the greatest common factor of 464 and 6272?
16
Calculate the highest common factor of 925620 and 300.
60
What is the highest common factor of 161904 and 48?
48
Calculate the greatest common divisor of 9597 and 6615.
21
What is the highest common divisor of 15 and 164685?
15
Calculate the greatest common divisor of 142384 and 64.
16
Calculate the greatest common factor of 519 and 1788301.
173
What is the highest common divisor of 6958 and 12250?
98
Calculate the highest common factor of 79332 and 3696.
132
What is the greatest common factor of 551242 and 136?
34
Calculate the greatest common factor of 42 and 5478.
6
What is the greatest common divisor of 91853 and 992?
31
What is the greatest common divisor of 9 and 6309?
9
Calculate the highest common factor of 579927 and 732.
183
Calculate the highest common factor of 73472 and 1435.
287
What is the highest common divisor of 56 and 456169?
7
What is the highest common factor of 16185 and 1755?
195
What is the greatest common divisor of 120 and 5094?
6
What is the highest common divisor of 253 and 223721?
23
Calculate the greatest common factor of 385880 and 165.
55
Calculate the highest common factor of 9550 and 190.
10
What is the highest common factor of 288 and 106272?
288
What is the highest common divisor of 931 and 7277?
19
Calculate the greatest common factor of 256 and 23512.
8
Calculate the greatest common factor of 9858 and 583.
53
What is the highest common factor of 39636 and 216?
108
What is the highest common divisor of 1 and 47933?
1
Calculate the greatest common divisor of 3563012 and 2868.
956
Calculate the highest common divisor of 76662 and 54.
18
What is the highest common factor of 5 and 44165?
5
What is the highest common factor of 264 and 28?
4
Calculate the greatest common divisor of 92 and 49204.
4
Calculate the highest common divisor of 184 and 518972.
92
Calculate the greatest common factor of 33485 and 2035.
185
Calculate the greatest common factor of 5464077 and 1542.
771
What is the greatest common factor of 657 and 324?
9
Calculate the greatest common divisor of 1070646 and 6.
6
Calculate the greatest common factor of 198 and 62766.
198
Calculate the greatest common divisor of 5217 and 3666.
141
What is the highest common divisor of 115705 and 146?
73
Calculate the highest common factor of 21505 and 115.
115
Calculate the greatest common factor of 875 and 19125.
125
What is the greatest common factor of 735487 and 842?
421
Calculate the highest common factor of 36423 and 4260.
213
What is the highest common divisor of 42523 and 221?
13
Calculate the greatest common divisor of 260 and 57850.
130
Calculate the highest common factor of 12 and 27212.
4
Calculate the highest common factor of 6 and 2242584.
6
Calculate the highest common divisor of 4416 and 296.
8
What is the greatest common factor of 10764 and 12168?
468
What is the highest common divisor of 133 and 36689?
19
What is the greatest common factor of 9487 and 51194?
179
What is the greatest common factor of 4563 and 16146?
351
Calculate the highest common factor of 1064 and 37544.
152
Calculate the highest common divisor of 37 and 2524029.
37
What is the greatest common divisor of 73293 and 165?
33
Calculate the highest common factor of 16571 and 292.
73
What is the highest common factor of 615 and 31939?
41
Calculate the highest common divisor of 1995 and 1846230.
285
What is the highest common factor of 19701 and 7?
1
Calculate the greatest common factor of 34697 and 10387.
221
What is the highest common factor of 8959 and 14161?
289
What is the highest common factor of 3262 and 882?
14
Calculate the highest common factor of 2487784 and 988.
988
What is the highest common factor of 646 and 485197?
17
What is the highest common factor of 7506 and 225?
9
What is the greatest common divisor of 19772 and 6?
2
Calculate the highest common factor of 722336 and 16.
16
What is the greatest common factor of 30378 and 2928?
366
Calculate the greatest common factor of 58 and 71572.
58
What is the greatest common factor of 286377 and 455?
91
Calculate the highest common factor of 1757 and 41164.
251
Calculate the greatest common factor of 75021 and 51.
51
What is the greatest common divisor of 12514273 and 419?
419
Calculate the greatest common divisor of 137970 and 310.
10
What is the highest common divisor of 8 and 906768?
8
Calculate the greatest common divisor of 18094 and 249.
83
What is the highest common divisor of 687 and 6641?
229
What is the highest common divisor of 1416 and 46374?
354
Calculate the greatest common factor of 315 and 1044162.
63
What is the greatest common divisor of 122 and 137738?
122
Calculate the greatest common factor of 9596 and 104.
4
What is the highest common divisor of 28 and 5448394?
14
What is the highest common factor of 2604 and 5689089?
651
What is the greatest common factor of 169 and 34580?
13
What is the greatest common divisor of 9234 and 47196?
1026
What is the greatest common factor of 1188 and 56628?
396
Calculate the highest common factor of 92 and 173627.
23
What is the highest common factor of 66 and 431002?
22
What is the greatest common divisor of 326 and 710843?
163
Calculate the greatest common divisor of 154 and 59543.
11
What is the greatest common divisor of 4609 and 1676?
419
What is the highest common factor of 355299 and 1323?
147
Calculate the greatest common factor of 1788 and 2043088.
596
Calculate the highest common factor of 300 and 192540.
60
Calculate the highest common divisor of 9255 and 305.
5
Calculate the greatest common divisor of 48994 and 2992.
374
What is the greatest common factor of 351 and 19413?
27
What is the highest common divisor of 51670 and 10?
10
Calculate the greatest common factor of 4355 and 1053.
13
Calculate the highest common divisor of 36 and 28710.
18
What is the greatest common factor of 200 and 46450?
50
What is the greatest common divisor of 150 and 37425?
75
What is the greatest common divisor of 32715 and 25?
5
What is the greatest common divisor of 72 and 4005?
9
Calculate the greatest common factor of 110 and 20845.
55
What is the greatest common divisor of 176 and 549648?
176
Calculate the greatest common factor of 297636 and 1836.
204
Calculate the greatest common factor of 662 and 1668902.
662
What is the highest common fa